ainder when 2421205 is divided by 802?
769
What is the remainder when 23345214 is divided by 899?
881
What is the remainder when 57225 is divided by 28294?
637
What is the remainder when 14147 is divided by 6922?
303
Calculate the remainder when 8220256 is divided by 36862.
30
What is the remainder when 1773312 is divided by 591063?
123
What is the remainder when 7653529 is divided by 2551161?
46
Calculate the remainder when 70257500 is divided by 37.
13
What is the remainder when 46625229 is divided by 807?
804
What is the remainder when 8525850 is divided by 2800?
2650
Calculate the remainder when 24912 is divided by 1684.
1336
Calculate the remainder when 75051 is divided by 3410.
31
Calculate the remainder when 303676 is divided by 164.
112
What is the remainder when 12791366 is divided by 218?
216
What is the remainder when 66576107 is divided by 22192034?
5
What is the remainder when 1221069 is divided by 11855?
4
What is the remainder when 995147 is divided by 11571?
41
Calculate the remainder when 90294494 is divided by 17.
14
Calculate the remainder when 12039073 is divided by 83028.
13
Calculate the remainder when 1495705 is divided by 498530.
115
Calculate the remainder when 5755953 is divided by 2877967.
19
Calculate the remainder when 375090 is divided by 187416.
258
What is the remainder when 596661 is divided by 118599?
3666
What is the remainder when 17916779 is divided by 435?
434
What is the remainder when 266261 is divided by 1653?
128
Calculate the remainder when 58666790 is divided by 857.
855
Calculate the remainder when 1626885 is divided by 542049.
738
Calculate the remainder when 8668 is divided by 467.
262
What is the remainder when 85041 is divided by 9449?
0
What is the remainder when 2185354 is divided by 146?
26
What is the remainder when 1476566 is divided by 492147?
125
Calculate the remainder when 21245 is divided by 548.
421
What is the remainder when 38762786 is divided by 9?
2
Calculate the remainder when 951195 is divided by 178.
141
What is the remainder when 65167294 is divided by 16909?
8
What is the remainder when 2274544 is divided by 472?
448
Calculate the remainder when 399869396 is divided by 1741.
1739
What is the remainder when 109650196 is divided by 100?
96
Calculate the remainder when 9044759 is divided by 212.
203
Calculate the remainder when 4342615 is divided by 1447473.
196
What is the remainder when 547592 is divided by 442?
396
Calculate the remainder when 89309 is divided by 29768.
5
What is the remainder when 327681 is divided by 62?
11
What is the remainder when 3157354 is divided by 3?
1
Calculate the remainder when 42068 is divided by 13428.
1784
What is the remainder when 617377 is divided by 122?
57
What is the remainder when 38857654 is divided by 2590507?
49
What is the remainder when 2294250 is divided by 120749?
19
Calculate the remainder when 820609 is divided by 1247.
83
What is the remainder when 3687246 is divided by 307270?
6
What is the remainder when 745350 is divided by 529?
518
Calculate the remainder when 16719431 is divided by 24161.
19
Calculate the remainder when 86683 is divided by 21284.
1547
Calculate the remainder when 429630 is divided by 117.
6
What is the remainder when 648489 is divided by 8106?
9
What is the remainder when 30813688 is divided by 310?
308
What is the remainder when 54612205 is divided by 57?
49
What is the remainder when 957040 is divided by 79662?
1096
Calculate the remainder when 2749945 is divided by 687466.
81
What is the remainder when 70561333 is divided by 7699?
7697
Calculate the remainder when 26463 is divided by 6608.
31
What is the remainder when 1116903 is divided by 93075?
3
What is the remainder when 2611 is divided by 515?
36
Calculate the remainder when 37024 is divided by 5224.
456
Calculate the remainder when 18292680 is divided by 36.
0
Calculate the remainder when 1227586 is divided by 3240.
2866
Calculate the remainder when 1658655 is divided by 490.
5
What is the remainder when 5766 is divided by 1823?
297
What is the remainder when 19832 is divided by 1412?
64
What is the remainder when 771619 is divided by 40608?
67
What is the remainder when 3832927 is divided by 907?
852
What is the remainder when 36326 is divided by 694?
238
Calculate the remainder when 1621828 is divided by 4257.
4168
Calculate the remainder when 453327 is divided by 1949.
1159
What is the remainder when 37461756 is divided by 1130?
1126
Calculate the remainder when 228166 is divided by 25351.
7
What is the remainder when 417786 is divided by 51800?
3386
Calculate the remainder when 61637759 is divided by 3567.
3566
Calculate the remainder when 1012435 is divided by 43983.
826
What is the remainder when 81840 is divided by 1994?
86
Calculate the remainder when 3673623 is divided by 918404.
7
Calculate the remainder when 1026019 is divided by 4347.
127
What is the remainder when 15945798 is divided by 7972894?
10
What is the remainder when 37661 is divided by 477?
455
Calculate the remainder when 4991892 is divided by 12265.
37
Calculate the remainder when 1123987 is divided by 561831.
325
Calculate the remainder when 120863 is divided by 3086.
509
What is the remainder when 12053267 is divided by 9904?
99
Calculate the remainder when 50654 is divided by 10094.
184
Calculate the remainder when 90092 is divided by 44931.
230
What is the remainder when 42997560 is divided by 292?
268
What is the remainder when 36348310 is divided by 57?
37
What is the remainder when 51418126 is divided by 3?
1
Calculate the remainder when 177888 is divided by 185.
103
Calculate the remainder when 1893161062 is divided by 38.
36
What is the remainder when 1879960 is divided by 7?
5
What is the remainder when 74010 is divided by 393?
126
What is the remainder when 54321 is divided by 525?
246
What is the remainder when 9869857 is divided by 1409964?
109
What is the remainder when 2148028 is divided by 145?
143
What is the remainder when 51359262 is divided by 649?
647
Calculate the remainder when 911938498 is divided by 25.
23
What is the remainder when 72057659 is divided by 1028?
1027
What is the remainder when 5357401 is divided by 97?
91
What is the remainder when 4060585 is divided by 7?
4
What is the remainder when 271571 is divided by 2226?
2225
What is the remainder when 4221624 is divided by 32474?
4
What is the remainder when 81099627 is divided by 45?
42
Calculate the remainder when 324613 is divided by 1189.
16
What is the remainder when 23803793 is divided by 643344?
65
Calculate the remainder when 520873 is divided by 287.
255
Calculate the remainder when 518070937 is divided by 14.
13
Calculate the remainder when 209930561 is divided by 195.
191
What is the remainder when 1061103 is divided by 901?
626
Calculate the remainder when 2482630 is divided by 232.
230
Calculate the remainder when 65980 is divided by 10468.
3172
What is the remainder when 13454996 is divided by 14?
2
Calculate the remainder when 56799787 is divided by 23.
22
What is the remainder when 10274812 is divided by 790369?
15
Calculate the remainder when 3811 is divided by 752.
51
Calculate the remainder when 3252115 is divided by 125074.
191
What is the remainder when 181425 is divided by 16485?
90
What is the remainder when 2064632 is divided by 2064589?
43
Calculate the remainder when 3933 is divided by 390.
33
What is the remainder when 804492 is divided by 303?
27
Calculate the remainder when 2743482 is divided by 874.
870
Calculate the remainder when 41103 is divided by 2887.
685
What is the remainder when 18279 is divided by 95?
39
Calculate the remainder when 3425 is divided by 911.
692
What is the remainder when 9550299 is divided by 5678?
5581
What is the remainder when 3893813 is divided by 973429?
97
Calculate the remainder when 401128 is divided by 242.
134
What is the remainder when 369505 is divided by 92055?
1285
Calculate the remainder when 130127 is divided by 2705.
287
Calculate the remainder when 5026509 is divided by 2513253.
3
What is the remainder when 583126 is divided by 22?
16
What is the remainder when 4570278 is divided by 19?
18
Calculate the remainder when 245680578 is divided by 155.
153
Calculate the remainder when 4190348 is divided by 91.
71
What 